{"id":10,"date":"2021-03-02T12:31:13","date_gmt":"2021-03-02T11:31:13","guid":{"rendered":"https:\/\/bar-u-nebicka.cz\/?page_id=10"},"modified":"2024-03-10T20:47:24","modified_gmt":"2024-03-10T19:47:24","slug":"home","status":"publish","type":"page","link":"https:\/\/bar-u-nebicka.cz\/","title":{"rendered":"Bar u neb\u00ed\u010dka"},"content":{"rendered":"\n<p>Na str\u00e1nce se pracuje<\/p>\n\n\n\n<div class=\"wp-block-columns alignwide is-layout-flex wp-container-core-columns-is-layout-9d6595d7 wp-block-columns-is-layout-flex\">\n<div class=\"wp-block-column is-layout-flow wp-block-column-is-layout-flow\" style=\"flex-basis:66.66%\">\n<figure class=\"wp-block-image size-large is-resized is-style-twentytwentyone-image-frame\"><img loading=\"lazy\" decoding=\"async\" width=\"1024\" height=\"683\" src=\"https:\/\/bar-u-nebicka.cz\/wp-content\/uploads\/2021\/04\/nebe3-1024x683.jpeg\" alt=\"\" class=\"wp-image-51\" style=\"width:776px;height:515px\" srcset=\"https:\/\/bar-u-nebicka.cz\/wp-content\/uploads\/2021\/04\/nebe3-1024x683.jpeg 1024w, https:\/\/bar-u-nebicka.cz\/wp-content\/uploads\/2021\/04\/nebe3-300x200.jpeg 300w, https:\/\/bar-u-nebicka.cz\/wp-content\/uploads\/2021\/04\/nebe3-768x512.jpeg 768w, https:\/\/bar-u-nebicka.cz\/wp-content\/uploads\/2021\/04\/nebe3-1536x1024.jpeg 1536w, https:\/\/bar-u-nebicka.cz\/wp-content\/uploads\/2021\/04\/nebe3-1568x1045.jpeg 1568w, https:\/\/bar-u-nebicka.cz\/wp-content\/uploads\/2021\/04\/nebe3.jpeg 1920w\" sizes=\"auto, (max-width: 1024px) 100vw, 1024px\" \/><\/figure>\n\n\n\n<p><\/p>\n<\/div>\n\n\n\n<div class=\"wp-block-column is-layout-flow wp-block-column-is-layout-flow\" style=\"flex-basis:33.33%\">\n<h3 class=\"wp-block-heading\" id=\"oteviraci-doba\">Otev\u00edrac\u00ed doba<\/h3>\n\n\n\n<ul class=\"wp-block-list\">\n<li>Pond\u011bl\u00ed 17.00 &#8211; 22.00<\/li>\n\n\n\n<li>\u00dater\u00fd 17.00 &#8211; 23.59<\/li>\n\n\n\n<li>St\u0159eda 17.00- 22.00<\/li>\n\n\n\n<li>\u010ctvrtek 17.00 &#8211; 23.59<\/li>\n\n\n\n<li>P\u00e1tek 17. 00- 23.59<\/li>\n\n\n\n<li>Sobota &#8211; soukrom\u00e9 akce, oslavy<\/li>\n\n\n\n<li>Zahr\u00e1dka otev\u0159en\u00e1 pond\u011bl\u00ed a\u017e p\u00e1tek od 17.00-22.00<\/li>\n<\/ul>\n<\/div>\n<\/div>\n\n\n\n<div class=\"wp-block-columns alignwide are-vertically-aligned-top is-layout-flex wp-container-core-columns-is-layout-9d6595d7 wp-block-columns-is-layout-flex\">\n<div class=\"wp-block-column is-vertically-aligned-top is-layout-flow wp-block-column-is-layout-flow\">\n<h3 class=\"wp-block-heading\" id=\"napojak\">N\u00e1poj\u00e1k<\/h3>\n\n\n\n<figure class=\"wp-block-table alignfull\"><table><tbody><tr><td><strong>Pivo to\u010den\u00e9<\/strong><\/td><td><\/td><\/tr><tr><td>Plze\u0148 12\u00b0  0,5l<\/td><td>58,- <\/td><\/tr><tr><td>Plze\u0148  12\u00b0  0,3l<\/td><td>43,- <\/td><\/tr><tr><td>Gambrinus 10\u00b0   0,5l<\/td><td>41,-<\/td><\/tr><tr><td>Gambrinus  10\u00b0   0,3l<\/td><td>28,-<\/td><\/tr><tr><td>Kozel Medium  11  0,5l<\/td><td>44,-<\/td><\/tr><tr><td>Kozel Medium  11  0,3l<\/td><td>30,-<\/td><\/tr><tr><td><strong>Rozl\u00e9van\u00e9<\/strong><\/td><td><\/td><\/tr><tr><td>Birell sv\u011btl\u00fd 0,5l<\/td><td>41,-<\/td><\/tr><tr><td>Birell pomelo-grep 0,5l<\/td><td>42,-<\/td><\/tr><tr><td>Zlatopramen grep-rozmar\u00fdn 0,5l<\/td><td>42,-<\/td><\/tr><tr><td>Fanta 0,3l<\/td><td>35,-<\/td><\/tr><tr><td>Coca-cola 0,3l<\/td><td>35,-<\/td><\/tr><tr><td>Kofola 0,3l<\/td><td>35,-<\/td><\/tr><tr><td>Sprite 0,3l<\/td><td>35,-<\/td><\/tr><tr><td>Tonic 0,3l<\/td><td>35,-<\/td><\/tr><tr><td>Mattoni 0,3l<\/td><td>35,-<\/td><\/tr><tr><td>D\u017eus jablko,pomeran\u010d 0,3l<\/td><td>40,-<\/td><\/tr><tr><td>Dom\u00e1c\u00ed malinov\u00e1 limon\u00e1da 0,4l<\/td><td>65,-<\/td><\/tr><tr><td><strong>V\u00edno<\/strong><\/td><td><\/td><\/tr><tr><td>Pinot Gris     2dl<\/td><td>50,-<\/td><\/tr><tr><td>Tram\u00edn \u010derven\u00fd    2dl<\/td><td>50,-<\/td><\/tr><tr><td>Sauvignon   2dl<\/td><td>50,-<\/td><\/tr><tr><td>Prosecco    2dl<\/td><td>45,-<\/td><\/tr><tr><td>Bohemia sekt  0,75l<\/td><td>280,-<\/td><\/tr><tr><td><strong>K\u00e1va a \u010daj<\/strong><\/td><td><\/td><\/tr><tr><td>Tureck\u00e1 k\u00e1va<\/td><td>35,-<\/td><\/tr><tr><td>Espresso<\/td><td>45,-<\/td><\/tr><tr><td>Cappuccino<\/td><td>60,-<\/td><\/tr><tr><td>\u010caj ovocn\u00fd,\u010dern\u00fd,zelen\u00fd<\/td><td>35,-<\/td><\/tr><tr><td>Smetana do k\u00e1vy<\/td><td>6,-<\/td><\/tr><\/tbody><\/table><\/figure>\n<\/div>\n\n\n\n<div class=\"wp-block-column is-vertically-aligned-top is-layout-flow wp-block-column-is-layout-flow\">\n<h3 class=\"wp-block-heading\" id=\"jidelak\">J\u00eddel\u00e1k<\/h3>\n\n\n\n<figure class=\"wp-block-table\"><table><tbody><tr><td>Nakl\u00e1dan\u00fd hermel\u00edn 100g,chleba<\/td><td><\/td><td>85,-<\/td><\/tr><tr><td>Tla\u010denka 200g ,cibule,chleba              <\/td><td><\/td><td>70,-<\/td><\/tr><tr><td>Matjesy s cibul\u00ed 200g,chleba<\/td><td><\/td><td>77,-<\/td><\/tr><tr><td>Utopenec ,chleba<\/td><td><\/td><td>55,-<\/td><\/tr><tr><td>Grilovan\u00e1 klob\u00e1sa,ho\u0159\u010dice,k\u0159en,chleba<\/td><td><\/td><td>90,-<\/td><\/tr><tr><td>Grilovan\u00fd camembert,zeleninov\u00e1 obloha<\/td><td><\/td><td>125,-<\/td><\/tr><tr><td>Brambor\u00e1\u010dky 4ks<\/td><td><\/td><td>80,-<\/td><\/tr><tr><td>Va\u0159en\u00e1 kuku\u0159ice 1ks<\/td><td><\/td><td>60,-<\/td><\/tr><tr><td>Sma\u017een\u00fd s\u00fdr-eidam,zeleninov\u00e1 obloha<\/td><td><\/td><td>135,-<\/td><\/tr><tr><td><strong>Steaky<\/strong><\/td><td><\/td><td><\/td><\/tr><tr><td>Grilovan\u00e1 krkovi\u010dka 200g,s pep\u0159ovou om\u00e1\u010dkou ,zeleninov\u00e1 obloha<\/td><td><\/td><td>175,-<\/td><\/tr><tr><td>Pln\u011bn\u00e1 panenka \u010desnekem a slaninou 200g    -\/\/- <\/td><td><\/td><td>195,-<\/td><\/tr><tr><td>Hov\u011bz\u00ed steak dle nab\u00eddky\/flank,ro\u0161t\u011bn\u00e1\/ 250g<\/td><td><\/td><td>295,-<\/td><\/tr><tr><td>Mega burger-ml.hov.maso 250g,s\u00fdr,slanina,raj\u010de,okurka,sal\u00e1t,dresink<\/td><td><\/td><td>230,-<\/td><\/tr><tr><td><strong>P\u0159\u00edlohy<\/strong><\/td><td><\/td><td><\/td><\/tr><tr><td>Hranolky 200g<\/td><td><\/td><td>52,-<\/td><\/tr><tr><td>Restovan\u00e9 fazolky na m\u00e1sle 200g<\/td><td><\/td><td>62,-<\/td><\/tr><\/tbody><\/table><figcaption class=\"wp-element-caption\">Na objedn\u00e1n\u00ed-pe\u010den\u00e1 kolena, tatar\u00e1k, pe\u010den\u00e1 krkovice(cel\u00e1 cca 2kg),grilovan\u00fd \u0161p\u00edz &#8211; od 10kg do 25kg, grilovan\u00e1 selata <\/figcaption><\/figure>\n<\/div>\n<\/div>\n\n\n\n<p class=\"has-extra-small-font-size\">Podle z\u00e1kona o evidenci tr\u017eeb je prod\u00e1vaj\u00edc\u00ed povinen vystavit kupuj\u00edc\u00edmu \u00fa\u010dtenku. Z\u00e1rove\u0148 je povinen zaevidovat p\u0159ijatou tr\u017ebu u spr\u00e1vce dan\u011b online; v p\u0159\u00edpad\u011b technick\u00e9ho v\u00fdpadku pak nejpozd\u011bji do 48 hodin.<\/p>\n","protected":false},"excerpt":{"rendered":"<p>Na str\u00e1nce se pracuje Otev\u00edrac\u00ed doba N\u00e1poj\u00e1k Pivo to\u010den\u00e9 Plze\u0148 12\u00b0 0,5l 58,- Plze\u0148 12\u00b0 0,3l 43,- Gambrinus 10\u00b0 0,5l 41,- Gambrinus 10\u00b0 0,3l 28,- Kozel Medium 11 0,5l 44,- Kozel Medium 11 0,3l 30,- Rozl\u00e9van\u00e9 Birell sv\u011btl\u00fd 0,5l 41,- Birell pomelo-grep 0,5l 42,- Zlatopramen grep-rozmar\u00fdn 0,5l 42,- Fanta 0,3l 35,- Coca-cola 0,3l 35,- Kofola&hellip; <a class=\"more-link\" href=\"https:\/\/bar-u-nebicka.cz\/\">Pokra\u010dovat ve\u00a0\u010dten\u00ed <span class=\"screen-reader-text\">Bar u neb\u00ed\u010dka<\/span><\/a><\/p>\n","protected":false},"author":1,"featured_media":0,"parent":0,"menu_order":0,"comment_status":"closed","ping_status":"closed","template":"","meta":{"footnotes":""},"class_list":["post-10","page","type-page","status-publish","hentry","entry"],"_links":{"self":[{"href":"https:\/\/bar-u-nebicka.cz\/index.php\/wp-json\/wp\/v2\/pages\/10","targetHints":{"allow":["GET"]}}],"collection":[{"href":"https:\/\/bar-u-nebicka.cz\/index.php\/wp-json\/wp\/v2\/pages"}],"about":[{"href":"https:\/\/bar-u-nebicka.cz\/index.php\/wp-json\/wp\/v2\/types\/page"}],"author":[{"embeddable":true,"href":"https:\/\/bar-u-nebicka.cz\/index.php\/wp-json\/wp\/v2\/users\/1"}],"replies":[{"embeddable":true,"href":"https:\/\/bar-u-nebicka.cz\/index.php\/wp-json\/wp\/v2\/comments?post=10"}],"version-history":[{"count":34,"href":"https:\/\/bar-u-nebicka.cz\/index.php\/wp-json\/wp\/v2\/pages\/10\/revisions"}],"predecessor-version":[{"id":96,"href":"https:\/\/bar-u-nebicka.cz\/index.php\/wp-json\/wp\/v2\/pages\/10\/revisions\/96"}],"wp:attachment":[{"href":"https:\/\/bar-u-nebicka.cz\/index.php\/wp-json\/wp\/v2\/media?parent=10"}],"curies":[{"name":"wp","href":"https:\/\/api.w.org\/{rel}","templated":true}]}}